{"id":90397,"date":"2023-08-01T01:43:46","date_gmt":"2023-08-01T05:43:46","guid":{"rendered":"https:\/\/devsite.adra.ca\/?page_id=90397"},"modified":"2024-03-11T16:29:12","modified_gmt":"2024-03-11T20:29:12","slug":"policies","status":"publish","type":"page","link":"https:\/\/adra.ca\/fr\/policies\/","title":{"rendered":"Nos politiques"},"content":{"rendered":"<div data-elementor-type=\"wp-page\" data-elementor-id=\"90397\" class=\"elementor elementor-90397\" data-elementor-post-type=\"page\">\n\t\t\t\t\t\t<section class=\"elementor-section elementor-top-section elementor-element elementor-element-f3cebd2 elementor-section-height-min-height elementor-section-items-bottom elementor-section-boxed elementor-section-height-default\" data-id=\"f3cebd2\" data-element_type=\"section\" data-e-type=\"section\" data-settings=\"{&quot;background_background&quot;:&quot;classic&quot;}\">\n\t\t\t\t\t\t\t<div class=\"elementor-background-overlay\"><\/div>\n\t\t\t\t\t\t\t<div class=\"elementor-container elementor-column-gap-default\">\n\t\t\t\t\t<div class=\"elementor-column elementor-col-100 elementor-top-column elementor-element elementor-element-f40c635\" data-id=\"f40c635\" data-element_type=\"column\" data-e-type=\"column\">\n\t\t\t<div class=\"elementor-widget-wrap elementor-element-populated\">\n\t\t\t\t\t\t<div class=\"elementor-element elementor-element-90dfb12 e-transform elementor-invisible elementor-widget elementor-widget-heading\" data-id=\"90dfb12\" data-element_type=\"widget\" data-e-type=\"widget\" data-settings=\"{&quot;_animation&quot;:&quot;fadeIn&quot;,&quot;_transform_rotateZ_effect&quot;:{&quot;unit&quot;:&quot;px&quot;,&quot;size&quot;:-3,&quot;sizes&quot;:[]},&quot;_transform_rotateZ_effect_tablet&quot;:{&quot;unit&quot;:&quot;deg&quot;,&quot;size&quot;:&quot;&quot;,&quot;sizes&quot;:[]},&quot;_transform_rotateZ_effect_mobile&quot;:{&quot;unit&quot;:&quot;deg&quot;,&quot;size&quot;:&quot;&quot;,&quot;sizes&quot;:[]}}\" data-widget_type=\"heading.default\">\n\t\t\t\t<div class=\"elementor-widget-container\">\n\t\t\t\t\t<h5 class=\"elementor-heading-title elementor-size-default\">Nos politiques<\/h5>\t\t\t\t<\/div>\n\t\t\t\t<\/div>\n\t\t\t\t\t<\/div>\n\t\t<\/div>\n\t\t\t\t\t<\/div>\n\t\t<\/section>\n\t\t\t\t<section class=\"elementor-section elementor-top-section elementor-element elementor-element-7d98684 elementor-section-boxed elementor-section-height-default elementor-section-height-default\" data-id=\"7d98684\" data-element_type=\"section\" data-e-type=\"section\">\n\t\t\t\t\t\t<div class=\"elementor-container elementor-column-gap-default\">\n\t\t\t\t\t<div class=\"elementor-column elementor-col-100 elementor-top-column elementor-element elementor-element-dc7d60b\" data-id=\"dc7d60b\" data-element_type=\"column\" data-e-type=\"column\">\n\t\t\t<div class=\"elementor-widget-wrap elementor-element-populated\">\n\t\t\t\t\t\t<div class=\"elementor-element elementor-element-b1576b3 elementor-widget elementor-widget-text-editor\" data-id=\"b1576b3\" data-element_type=\"widget\" data-e-type=\"widget\" data-widget_type=\"text-editor.default\">\n\t\t\t\t<div class=\"elementor-widget-container\">\n\t\t\t\t\t\t\t\t\t<p>L&#039;Agence Adventiste de D\u00e9veloppement et de Secours (ADRA) Canada est l&#039;agence humanitaire officielle de l&#039;\u00c9glise Adventiste du Septi\u00e8me jour. En tant qu\u2019organisation, nous nous engageons \u00e0 servir les autres afin que tous puissent vivre comme Dieu l\u2019a pr\u00e9vu \u2013 sans pauvret\u00e9 ni d\u00e9savantage.<\/p><p>Le bien-\u00eatre de notre personnel, de nos b\u00e9n\u00e9voles, de nos partenaires, de nos b\u00e9n\u00e9ficiaires et de nos sympathisants est de la plus haute importance pour nous. Conform\u00e9ment \u00e0 nos valeurs fondamentales et dans le cadre des meilleures pratiques, ADRA a d\u00e9velopp\u00e9 et met en \u0153uvre les politiques ci-dessous pour renforcer la s\u00e9curit\u00e9 et les droits de toute personne interagissant avec le travail d&#039;ADRA. Notre engagement est in\u00e9branlable : chaque don est allou\u00e9 \u00e0 des projets et programmes approuv\u00e9s par notre Conseil d&#039;administration. Si un objectif est atteint ou inaccessible, vos contributions restantes seront allou\u00e9es \u00e0 des domaines d&#039;importance primordiale. Plongez dans nos politiques en sachant que votre soutien fait une diff\u00e9rence d\u00e9cisive.<\/p>\t\t\t\t\t\t\t\t<\/div>\n\t\t\t\t<\/div>\n\t\t\t\t<div class=\"elementor-element elementor-element-e063de4 elementor-align-start elementor-icon-list--layout-traditional elementor-list-item-link-full_width elementor-widget elementor-widget-icon-list\" data-id=\"e063de4\" data-element_type=\"widget\" data-e-type=\"widget\" data-widget_type=\"icon-list.default\">\n\t\t\t\t<div class=\"elementor-widget-container\">\n\t\t\t\t\t\t\t<ul class=\"elementor-icon-list-items\">\n\t\t\t\t\t\t\t<li class=\"elementor-icon-list-item\">\n\t\t\t\t\t\t\t\t\t\t\t<a href=\"https:\/\/adra.ca\/fr\/complaints\/\">\n\n\t\t\t\t\t\t\t\t\t\t\t\t<span class=\"elementor-icon-list-icon\">\n\t\t\t\t\t\t\t<i aria-hidden=\"true\" class=\"fas fa-circle\"><\/i>\t\t\t\t\t\t<\/span>\n\t\t\t\t\t\t\t\t\t\t<span class=\"elementor-icon-list-text\">Politique de r\u00e9clamations<\/span>\n\t\t\t\t\t\t\t\t\t\t\t<\/a>\n\t\t\t\t\t\t\t\t\t<\/li>\n\t\t\t\t\t\t\t\t<li class=\"elementor-icon-list-item\">\n\t\t\t\t\t\t\t\t\t\t\t<a href=\"https:\/\/adra.ca\/fr\/truth-and-reconciliation\/\">\n\n\t\t\t\t\t\t\t\t\t\t\t\t<span class=\"elementor-icon-list-icon\">\n\t\t\t\t\t\t\t<i aria-hidden=\"true\" class=\"fas fa-circle\"><\/i>\t\t\t\t\t\t<\/span>\n\t\t\t\t\t\t\t\t\t\t<span class=\"elementor-icon-list-text\">Notre engagement envers la v\u00e9rit\u00e9 et la r\u00e9conciliation<\/span>\n\t\t\t\t\t\t\t\t\t\t\t<\/a>\n\t\t\t\t\t\t\t\t\t<\/li>\n\t\t\t\t\t\t\t\t<li class=\"elementor-icon-list-item\">\n\t\t\t\t\t\t\t\t\t\t\t<a href=\"https:\/\/adra.ca\/fr\/denouncing-racial-inequality\/\">\n\n\t\t\t\t\t\t\t\t\t\t\t\t<span class=\"elementor-icon-list-icon\">\n\t\t\t\t\t\t\t<i aria-hidden=\"true\" class=\"fas fa-circle\"><\/i>\t\t\t\t\t\t<\/span>\n\t\t\t\t\t\t\t\t\t\t<span class=\"elementor-icon-list-text\">D\u00e9noncer l&#039;in\u00e9galit\u00e9 raciale<\/span>\n\t\t\t\t\t\t\t\t\t\t\t<\/a>\n\t\t\t\t\t\t\t\t\t<\/li>\n\t\t\t\t\t\t\t\t<li class=\"elementor-icon-list-item\">\n\t\t\t\t\t\t\t\t\t\t\t<a href=\"\/wp-content\/uploads\/2023\/08\/ADRA-Canada-Environment-Policy.pdf\">\n\n\t\t\t\t\t\t\t\t\t\t\t\t<span class=\"elementor-icon-list-icon\">\n\t\t\t\t\t\t\t<i aria-hidden=\"true\" class=\"fas fa-circle\"><\/i>\t\t\t\t\t\t<\/span>\n\t\t\t\t\t\t\t\t\t\t<span class=\"elementor-icon-list-text\">Politique environnementale<\/span>\n\t\t\t\t\t\t\t\t\t\t\t<\/a>\n\t\t\t\t\t\t\t\t\t<\/li>\n\t\t\t\t\t\t\t\t<li class=\"elementor-icon-list-item\">\n\t\t\t\t\t\t\t\t\t\t\t<a href=\"https:\/\/adra.ca\/fr\/privacy\/\">\n\n\t\t\t\t\t\t\t\t\t\t\t\t<span class=\"elementor-icon-list-icon\">\n\t\t\t\t\t\t\t<i aria-hidden=\"true\" class=\"fas fa-circle\"><\/i>\t\t\t\t\t\t<\/span>\n\t\t\t\t\t\t\t\t\t\t<span class=\"elementor-icon-list-text\">Politique de confidentialit\u00e9 et de s\u00e9curit\u00e9<\/span>\n\t\t\t\t\t\t\t\t\t\t\t<\/a>\n\t\t\t\t\t\t\t\t\t<\/li>\n\t\t\t\t\t\t\t\t<li class=\"elementor-icon-list-item\">\n\t\t\t\t\t\t\t\t\t\t\t<a href=\"https:\/\/adra.ca\/fr\/psea-policy\/\">\n\n\t\t\t\t\t\t\t\t\t\t\t\t<span class=\"elementor-icon-list-icon\">\n\t\t\t\t\t\t\t<i aria-hidden=\"true\" class=\"fas fa-circle\"><\/i>\t\t\t\t\t\t<\/span>\n\t\t\t\t\t\t\t\t\t\t<span class=\"elementor-icon-list-text\">Politique de protection contre l&#039;exploitation et les abus sexuels<\/span>\n\t\t\t\t\t\t\t\t\t\t\t<\/a>\n\t\t\t\t\t\t\t\t\t<\/li>\n\t\t\t\t\t\t\t\t<li class=\"elementor-icon-list-item\">\n\t\t\t\t\t\t\t\t\t\t\t<a href=\"https:\/\/adra.ca\/fr\/statement-on-stewardship\/\">\n\n\t\t\t\t\t\t\t\t\t\t\t\t<span class=\"elementor-icon-list-icon\">\n\t\t\t\t\t\t\t<i aria-hidden=\"true\" class=\"fas fa-circle\"><\/i>\t\t\t\t\t\t<\/span>\n\t\t\t\t\t\t\t\t\t\t<span class=\"elementor-icon-list-text\">D\u00e9claration sur l&#039;intendance<\/span>\n\t\t\t\t\t\t\t\t\t\t\t<\/a>\n\t\t\t\t\t\t\t\t\t<\/li>\n\t\t\t\t\t\t\t\t<li class=\"elementor-icon-list-item\">\n\t\t\t\t\t\t\t\t\t\t\t<a href=\"https:\/\/adra.ca\/fr\/policy-on-violence-and-sexual-harassment\/\">\n\n\t\t\t\t\t\t\t\t\t\t\t\t<span class=\"elementor-icon-list-icon\">\n\t\t\t\t\t\t\t<i aria-hidden=\"true\" class=\"fas fa-circle\"><\/i>\t\t\t\t\t\t<\/span>\n\t\t\t\t\t\t\t\t\t\t<span class=\"elementor-icon-list-text\">Politique sur la violence et le harc\u00e8lement sexuel<\/span>\n\t\t\t\t\t\t\t\t\t\t\t<\/a>\n\t\t\t\t\t\t\t\t\t<\/li>\n\t\t\t\t\t\t<\/ul>\n\t\t\t\t\t\t<\/div>\n\t\t\t\t<\/div>\n\t\t\t\t\t<\/div>\n\t\t<\/div>\n\t\t\t\t\t<\/div>\n\t\t<\/section>\n\t\t\t\t<\/div>","protected":false},"excerpt":{"rendered":"<p>Our Policies Adventist Development and Relief Agency (ADRA) Canada is the official humanitarian agency of the Seventh-day Adventist Church. As an organization, we are committed to serving others so all may live as God intended \u2013 free from poverty and disadvantage. The well-being of our staff, volunteers, partners, beneficiaries, and supporters is of the upmost [&hellip;]<\/p>\n","protected":false},"author":3,"featured_media":0,"parent":0,"menu_order":0,"comment_status":"closed","ping_status":"closed","template":"","meta":{"footnotes":""},"class_list":["post-90397","page","type-page","status-publish","hentry"],"_links":{"self":[{"href":"https:\/\/adra.ca\/fr\/wp-json\/wp\/v2\/pages\/90397","targetHints":{"allow":["GET"]}}],"collection":[{"href":"https:\/\/adra.ca\/fr\/wp-json\/wp\/v2\/pages"}],"about":[{"href":"https:\/\/adra.ca\/fr\/wp-json\/wp\/v2\/types\/page"}],"author":[{"embeddable":true,"href":"https:\/\/adra.ca\/fr\/wp-json\/wp\/v2\/users\/3"}],"replies":[{"embeddable":true,"href":"https:\/\/adra.ca\/fr\/wp-json\/wp\/v2\/comments?post=90397"}],"version-history":[{"count":0,"href":"https:\/\/adra.ca\/fr\/wp-json\/wp\/v2\/pages\/90397\/revisions"}],"wp:attachment":[{"href":"https:\/\/adra.ca\/fr\/wp-json\/wp\/v2\/media?parent=90397"}],"curies":[{"name":"wp","href":"https:\/\/api.w.org\/{rel}","templated":true}]}}

<div data-elementor-type="wp-page" data-elementor-id="90397" class="elementor elementor-90397" data-elementor-post-type="page">
						<section class="elementor-section elementor-top-section elementor-element elementor-element-f3cebd2 elementor-section-height-min-height elementor-section-items-bottom elementor-section-boxed elementor-section-height-default" data-id="f3cebd2" data-element_type="section" data-e-type="section" data-settings="{&quot;background_background&quot;:&quot;classic&quot;}">
							<div class="elementor-background-overlay"></div>
							<div class="elementor-container elementor-column-gap-default">
					<div class="elementor-column elementor-col-100 elementor-top-column elementor-element elementor-element-f40c635" data-id="f40c635" data-element_type="column" data-e-type="column">
			<div class="elementor-widget-wrap elementor-element-populated">
						<div class="elementor-element elementor-element-90dfb12 e-transform elementor-invisible elementor-widget elementor-widget-heading" data-id="90dfb12" data-element_type="widget" data-e-type="widget" data-settings="{&quot;_animation&quot;:&quot;fadeIn&quot;,&quot;_transform_rotateZ_effect&quot;:{&quot;unit&quot;:&quot;px&quot;,&quot;size&quot;:-3,&quot;sizes&quot;:[]},&quot;_transform_rotateZ_effect_tablet&quot;:{&quot;unit&quot;:&quot;deg&quot;,&quot;size&quot;:&quot;&quot;,&quot;sizes&quot;:[]},&quot;_transform_rotateZ_effect_mobile&quot;:{&quot;unit&quot;:&quot;deg&quot;,&quot;size&quot;:&quot;&quot;,&quot;sizes&quot;:[]}}" data-widget_type="heading.default">
				<div class="elementor-widget-container">
					<h5 class="elementor-heading-title elementor-size-default">Nos politiques</h5>				</div>
				</div>
					</div>
		</div>
					</div>
		</section>
				<section class="elementor-section elementor-top-section elementor-element elementor-element-7d98684 elementor-section-boxed elementor-section-height-default elementor-section-height-default" data-id="7d98684" data-element_type="section" data-e-type="section">
						<div class="elementor-container elementor-column-gap-default">
					<div class="elementor-column elementor-col-100 elementor-top-column elementor-element elementor-element-dc7d60b" data-id="dc7d60b" data-element_type="column" data-e-type="column">
			<div class="elementor-widget-wrap elementor-element-populated">
						<div class="elementor-element elementor-element-b1576b3 elementor-widget elementor-widget-text-editor" data-id="b1576b3" data-element_type="widget" data-e-type="widget" data-widget_type="text-editor.default">
				<div class="elementor-widget-container">
									<p>L&#039;Agence Adventiste de Développement et de Secours (ADRA) Canada est l&#039;agence humanitaire officielle de l&#039;Église Adventiste du Septième jour. En tant qu’organisation, nous nous engageons à servir les autres afin que tous puissent vivre comme Dieu l’a prévu – sans pauvreté ni désavantage.</p><p>Le bien-être de notre personnel, de nos bénévoles, de nos partenaires, de nos bénéficiaires et de nos sympathisants est de la plus haute importance pour nous. Conformément à nos valeurs fondamentales et dans le cadre des meilleures pratiques, ADRA a développé et met en œuvre les politiques ci-dessous pour renforcer la sécurité et les droits de toute personne interagissant avec le travail d&#039;ADRA. Notre engagement est inébranlable : chaque don est alloué à des projets et programmes approuvés par notre Conseil d&#039;administration. Si un objectif est atteint ou inaccessible, vos contributions restantes seront allouées à des domaines d&#039;importance primordiale. Plongez dans nos politiques en sachant que votre soutien fait une différence décisive.</p>								</div>
				</div>
				<div class="elementor-element elementor-element-e063de4 elementor-align-start elementor-icon-list--layout-traditional elementor-list-item-link-full_width elementor-widget elementor-widget-icon-list" data-id="e063de4" data-element_type="widget" data-e-type="widget" data-widget_type="icon-list.default">
				<div class="elementor-widget-container">
							<ul class="elementor-icon-list-items">
							<li class="elementor-icon-list-item">
											<a href="https://adra.ca/fr/complaints/">

												<span class="elementor-icon-list-icon">
							<i aria-hidden="true" class="fas fa-circle"></i>						</span>
										<span class="elementor-icon-list-text">Politique de réclamations</span>
											</a>
									</li>
								<li class="elementor-icon-list-item">
											<a href="https://adra.ca/fr/truth-and-reconciliation/">

												<span class="elementor-icon-list-icon">
							<i aria-hidden="true" class="fas fa-circle"></i>						</span>
										<span class="elementor-icon-list-text">Notre engagement envers la vérité et la réconciliation</span>
											</a>
									</li>
								<li class="elementor-icon-list-item">
											<a href="https://adra.ca/fr/denouncing-racial-inequality/">

												<span class="elementor-icon-list-icon">
							<i aria-hidden="true" class="fas fa-circle"></i>						</span>
										<span class="elementor-icon-list-text">Dénoncer l&#039;inégalité raciale</span>
											</a>
									</li>
								<li class="elementor-icon-list-item">
											<a href="/wp-content/uploads/2023/08/ADRA-Canada-Environment-Policy.pdf">

												<span class="elementor-icon-list-icon">
							<i aria-hidden="true" class="fas fa-circle"></i>						</span>
										<span class="elementor-icon-list-text">Politique environnementale</span>
											</a>
									</li>
								<li class="elementor-icon-list-item">
											<a href="https://adra.ca/fr/privacy/">

												<span class="elementor-icon-list-icon">
							<i aria-hidden="true" class="fas fa-circle"></i>						</span>
										<span class="elementor-icon-list-text">Politique de confidentialité et de sécurité</span>
											</a>
									</li>
								<li class="elementor-icon-list-item">
											<a href="https://adra.ca/fr/psea-policy/">

												<span class="elementor-icon-list-icon">
							<i aria-hidden="true" class="fas fa-circle"></i>						</span>
										<span class="elementor-icon-list-text">Politique de protection contre l&#039;exploitation et les abus sexuels</span>
											</a>
									</li>
								<li class="elementor-icon-list-item">
											<a href="https://adra.ca/fr/statement-on-stewardship/">

												<span class="elementor-icon-list-icon">
							<i aria-hidden="true" class="fas fa-circle"></i>						</span>
										<span class="elementor-icon-list-text">Déclaration sur l&#039;intendance</span>
											</a>
									</li>
								<li class="elementor-icon-list-item">
											<a href="https://adra.ca/fr/policy-on-violence-and-sexual-harassment/">

												<span class="elementor-icon-list-icon">
							<i aria-hidden="true" class="fas fa-circle"></i>						</span>
										<span class="elementor-icon-list-text">Politique sur la violence et le harcèlement sexuel</span>
											</a>
									</li>
						</ul>
						</div>
				</div>
					</div>
		</div>
					</div>
		</section>
				</div>
