{"id":90409,"date":"2023-08-01T01:30:10","date_gmt":"2023-08-01T05:30:10","guid":{"rendered":"https:\/\/devsite.adra.ca\/?page_id=90409"},"modified":"2025-10-19T14:33:11","modified_gmt":"2025-10-19T18:33:11","slug":"denouncing-racial-inequality","status":"publish","type":"page","link":"https:\/\/adra.ca\/fr\/denouncing-racial-inequality\/","title":{"rendered":"D\u00e9noncer l&#039;in\u00e9galit\u00e9 raciale\u00a0"},"content":{"rendered":"\t\t<div data-elementor-type=\"wp-page\" data-elementor-id=\"90409\" class=\"elementor elementor-90409\" data-elementor-post-type=\"page\">\n\t\t\t\t\t\t<section class=\"elementor-section elementor-top-section elementor-element elementor-element-59f98d8 elementor-section-height-min-height elementor-section-boxed elementor-section-height-default elementor-section-items-middle\" data-id=\"59f98d8\" data-element_type=\"section\" data-e-type=\"section\" data-settings=\"{&quot;background_background&quot;:&quot;classic&quot;}\">\n\t\t\t\t\t\t\t<div class=\"elementor-background-overlay\"><\/div>\n\t\t\t\t\t\t\t<div class=\"elementor-container elementor-column-gap-default\">\n\t\t\t\t\t<div class=\"elementor-column elementor-col-100 elementor-top-column elementor-element elementor-element-4574328\" data-id=\"4574328\" data-element_type=\"column\" data-e-type=\"column\">\n\t\t\t<div class=\"elementor-widget-wrap elementor-element-populated\">\n\t\t\t\t\t\t<div class=\"elementor-element elementor-element-ec9abbe e-transform elementor-invisible elementor-widget elementor-widget-heading\" data-id=\"ec9abbe\" data-element_type=\"widget\" data-e-type=\"widget\" data-settings=\"{&quot;_animation&quot;:&quot;fadeIn&quot;,&quot;_transform_rotateZ_effect&quot;:{&quot;unit&quot;:&quot;px&quot;,&quot;size&quot;:-3,&quot;sizes&quot;:[]},&quot;_transform_rotateZ_effect_tablet&quot;:{&quot;unit&quot;:&quot;deg&quot;,&quot;size&quot;:&quot;&quot;,&quot;sizes&quot;:[]},&quot;_transform_rotateZ_effect_mobile&quot;:{&quot;unit&quot;:&quot;deg&quot;,&quot;size&quot;:&quot;&quot;,&quot;sizes&quot;:[]}}\" data-widget_type=\"heading.default\">\n\t\t\t\t<div class=\"elementor-widget-container\">\n\t\t\t\t\t<h5 class=\"elementor-heading-title elementor-size-default\">We Stand<br>With You<\/h5>\t\t\t\t<\/div>\n\t\t\t\t<\/div>\n\t\t\t\t\t<\/div>\n\t\t<\/div>\n\t\t\t\t\t<\/div>\n\t\t<\/section>\n\t\t\t\t<section class=\"elementor-section elementor-top-section elementor-element elementor-element-f3c3d1d elementor-section-boxed elementor-section-height-default elementor-section-height-default\" data-id=\"f3c3d1d\" data-element_type=\"section\" data-e-type=\"section\" data-settings=\"{&quot;background_background&quot;:&quot;classic&quot;}\">\n\t\t\t\t\t\t<div class=\"elementor-container elementor-column-gap-default\">\n\t\t\t\t\t<div class=\"elementor-column elementor-col-100 elementor-top-column elementor-element elementor-element-4857423\" data-id=\"4857423\" data-element_type=\"column\" data-e-type=\"column\">\n\t\t\t<div class=\"elementor-widget-wrap elementor-element-populated\">\n\t\t\t\t\t\t<div class=\"elementor-element elementor-element-7e5fa7a elementor-widget elementor-widget-heading\" data-id=\"7e5fa7a\" data-element_type=\"widget\" data-e-type=\"widget\" data-widget_type=\"heading.default\">\n\t\t\t\t<div class=\"elementor-widget-container\">\n\t\t\t\t\t<h2 class=\"elementor-heading-title elementor-size-default\">Denouncing Racial Inequality in the United States<\/h2>\t\t\t\t<\/div>\n\t\t\t\t<\/div>\n\t\t\t\t<div class=\"elementor-element elementor-element-2e8f390 elementor-widget elementor-widget-text-editor\" data-id=\"2e8f390\" data-element_type=\"widget\" data-e-type=\"widget\" data-widget_type=\"text-editor.default\">\n\t\t\t\t<div class=\"elementor-widget-container\">\n\t\t\t\t\t\t\t\t\t<p><em>\u201cThe past couple of weeks have shone a spotlight on the systematic inequalities that exist in our society. At ADRA Canada, we believe in the inherent dignity of each human being. Racism at all levels must end. We work in Canada and around the world with vulnerable people groups who are subject to poverty, violence, and distress through no fault of their own. As we strive to meet our purpose \u201cTo serve humanity so all may live as God intended\u201d, we will not rest while such disparity still exists.<\/em><\/p><p data-pm-slice=\"1 1 [&quot;list&quot;,{},&quot;list_item&quot;,{&quot;indent&quot;:1,&quot;type&quot;:&quot;bulleted&quot;}]\"><em>We will stand for the oppressed and correct injustice to the best of our capabilities<\/em><em>. ADRA Canada affirms our support of the statement \u201cDenouncing Racial Inequality in the United States\u201d issued by ADRA International.\u201d<\/em><\/p><p>Steve Matthews<br \/>Executive Director, ADRA Canada<\/p>\t\t\t\t\t\t\t\t<\/div>\n\t\t\t\t<\/div>\n\t\t\t\t\t<\/div>\n\t\t<\/div>\n\t\t\t\t\t<\/div>\n\t\t<\/section>\n\t\t\t\t<section class=\"elementor-section elementor-top-section elementor-element elementor-element-1cb8371 elementor-section-boxed elementor-section-height-default elementor-section-height-default\" data-id=\"1cb8371\" data-element_type=\"section\" data-e-type=\"section\">\n\t\t\t\t\t\t<div class=\"elementor-container elementor-column-gap-default\">\n\t\t\t\t\t<div class=\"elementor-column elementor-col-100 elementor-top-column elementor-element elementor-element-71f35ba\" data-id=\"71f35ba\" data-element_type=\"column\" data-e-type=\"column\">\n\t\t\t<div class=\"elementor-widget-wrap elementor-element-populated\">\n\t\t\t\t\t\t<div class=\"elementor-element elementor-element-0153df2 elementor-widget elementor-widget-text-editor\" data-id=\"0153df2\" data-element_type=\"widget\" data-e-type=\"widget\" data-widget_type=\"text-editor.default\">\n\t\t\t\t<div class=\"elementor-widget-container\">\n\t\t\t\t\t\t\t\t\t<p>The Adventist Development and Relief Agency is immersed in the lives of vulnerable people around the world. We have seen families fleeing genocide in Myanmar, girls forced into early marriage in Uganda, children starving to death in Madagascar, poor communities desperate for hope in Syria, and entire neighborhoods washed away in The Bahamas.<\/p><p>For more than 30 years, we have seen\u2014and fought to change\u00ad\u2014inequality, poverty, hunger, and despair in more than 100 developing countries around the world.<\/p><p>Inequality and despair are not endemic to the developing world only, and we at ADRA can no longer address injustice worldwide without acknowledging injustice here where we reside in the United States.<\/p><p>George Floyd did not deserve to die. Ahmaud Arbery did not deserve to die. Breonna Taylor did not deserve to die. These precious lives are the most recent victims to a national heritage of racism and violence, against them or in response to them, that has claimed more African-American lives than can be counted. We must do everything we can to make sure this heritage of racial inequality comes to a conclusive end while we wait Christ\u2019s return.<\/p><p>The United States was founded on Christian beliefs but built on the backs of slaves. That paradox disgraces us to this day and shames all who do not speak out on behalf of equality and justice.<\/p><p>We at ADRA urge all who claim to be Christian to take seriously and reflect on the words of 1 Corinthians 12:26: \u201cIf one part suffers, every part suffers with it.\u201d<\/p><p>When our fellow humans suffer, we at ADRA suffer. We suffer irrespective of who they are. We suffer when anyone is discriminated against because of the color of their skin. We suffer because every human life is made in the image of God.<\/p><p>This is why it is so important that we live by the words of Jesus: \u201cAs I have loved you, so you must love one another.\u201d (John 13:34)<\/p><p>As the humanitarian arm of the most ethnically diverse Christian faith in the United States, it is our privilege to serve so all people may live as God intended. It is our honor to be the hands and feet of Jesus to a hurting world. It is our responsibility to be the voice of justice, compassion, and love.<\/p><p>The last half of 1 Corinthians 12:26 says, \u201cif one part is honored, every part rejoices with it.\u201d Now is not a time to rejoice, but a time to mourn, and to speak out against the injustice that causes us to mourn.<\/p><p>We pray that you will join us in denouncing injustice as we strive to take action against it. Until all are honored equally, no one in America can rejoice.<\/p><p>I stand with you,<\/p><p>Michael Kruger<\/p><p>President<\/p><p>ADRA International<\/p>\t\t\t\t\t\t\t\t<\/div>\n\t\t\t\t<\/div>\n\t\t\t\t\t<\/div>\n\t\t<\/div>\n\t\t\t\t\t<\/div>\n\t\t<\/section>\n\t\t\t\t<\/div>\n\t\t","protected":false},"excerpt":{"rendered":"<p>We StandWith You Denouncing Racial Inequality in the United States \u201cThe past couple of weeks have shone a spotlight on the systematic inequalities that exist in our society. At ADRA Canada, we believe in the inherent dignity of each human being. Racism at all levels must end. We work in Canada and around the world [&hellip;]<\/p>\n","protected":false},"author":3,"featured_media":0,"parent":0,"menu_order":0,"comment_status":"closed","ping_status":"closed","template":"","meta":{"footnotes":""},"class_list":["post-90409","page","type-page","status-publish","hentry"],"_links":{"self":[{"href":"https:\/\/adra.ca\/fr\/wp-json\/wp\/v2\/pages\/90409","targetHints":{"allow":["GET"]}}],"collection":[{"href":"https:\/\/adra.ca\/fr\/wp-json\/wp\/v2\/pages"}],"about":[{"href":"https:\/\/adra.ca\/fr\/wp-json\/wp\/v2\/types\/page"}],"author":[{"embeddable":true,"href":"https:\/\/adra.ca\/fr\/wp-json\/wp\/v2\/users\/3"}],"replies":[{"embeddable":true,"href":"https:\/\/adra.ca\/fr\/wp-json\/wp\/v2\/comments?post=90409"}],"version-history":[{"count":0,"href":"https:\/\/adra.ca\/fr\/wp-json\/wp\/v2\/pages\/90409\/revisions"}],"wp:attachment":[{"href":"https:\/\/adra.ca\/fr\/wp-json\/wp\/v2\/media?parent=90409"}],"curies":[{"name":"wp","href":"https:\/\/api.w.org\/{rel}","templated":true}]}}

Dénoncer l&#039;inégalité raciale
